t q be (2 - (3 - 3))*-1*-1. Suppose 5*t = -3*m + 24, q*t + m = 3*t. Suppose -t*r + 24 = 3*s - 342, 3*s = -4*r + 361. What is the tens digit of s?
2
What is the units digit of ((-148)/185)/((-1)/5680)?
4
Let b = -6550 + 12181. What is the units digit of b?
1
Let y = -5441 + 2608. Let b = -1613 - y. What is the thousands digit of b?
1
Let f(i) = -95*i + 8. Let b be f(-2). Let s be b/45 + 4/(-10). Suppose -5*p + 252 = -n, 2*p + 2*p = s*n + 208. What is the tens digit of p?
5
Let h(i) = 38*i + 15. Let r be h(-7). Let n = -164 - r. Let f = n - 29. What is the tens digit of f?
5
Suppose b - 44558 = 3*d, 2*d + 222764 = -304*b + 309*b. What is the thousands digit of b?
4
Suppose 36*g + 8*g - 94297 = 25*g. What is the hundreds digit of g?
9
Let m be 24/8 + (5 - 1). Suppose 8 = m*t - 3*t. Suppose 0 = -t*v + 4*v - 264. What is the tens digit of v?
3
Suppose -2660 + 56 = -7*h. Suppose 0*f = 5*f - 4*a - h, 0 = 3*f - 5*a - 231. Suppose d - t + 2*t - f = 0, -5*d = 2*t - 357. What is the units digit of d?
1
Suppose -71 - 17 = -11*x. What is the tens digit of (((-28080)/35)/x)/(2/(-14))?
0
Suppose 0 = 4*j + 4*o + 844, -3*j + o = 629 - 8. What is the hundreds digit of (j/24 + 8)/(1/(-729))?
4
Suppose 0 = 9*n + 19*n + 12656. Let o = 1717 + n. What is the units digit of o?
5
Let u = 47801 + -23768. What is the tens digit of u?
3
Let j(q) = q**3 - 21*q**2 - 12*q - 71. Let a be j(22). Let h = a - -502. What is the tens digit of h?
5
Let r be 2/13 + (-10542)/(-91) - 0. Let p = 142 + r. What is the units digit of p/8 - 2/8?
2
Let j(r) = 3*r + 18. Let b be j(-5). Suppose -b*v - 25 = 98. Let s = v - -88. What is the units digit of s?
7
Let n(d) = 2*d**2 - 9*d + 62. What is the hundreds digit of n(-31)?
2
Let t(a) = -272*a + 10. Let y be t(2). Let l = y - -785. What is the units digit of l?
1
Let n be 8/36 - (-50)/18. Suppose -404 = -4*t + n*w, -w + 480 - 76 = 4*t. What is the tens digit of t?
0
Suppose -2700 = -54*w + 60*w. Let l = 1157 + w. What is the units digit of l?
7
Let j = 40 + -35. Suppose 0 = -2*g - j*z - 98, -2*g - 2*z = -z + 98. Let b = -17 - g. What is the units digit of b?
2
Let j be (-6)/(-4) - (130/20)/(-13). Suppose -5*g - 3604 = -4*o - j*g, 3*g + 1796 = 2*o. What is the hundreds digit of o?
9
Suppose 96708 + 867002 = 55*s. What is the ten thousands digit of s?
1
What is the hundreds digit of (-19508)/(-2) + (-47 - -40)?
7
Let z(d) = -5*d**3 - 3*d**2 + 12*d - 10. Let i(g) = -g**3 + 2*g**2 + 6*g - 14. Let q be i(3). What is the hundreds digit of z(q)?
4
Let z = -4973 - -18687. What is the hundreds digit of z?
7
Suppose 431*j + 1107085 = 9512878. What is the units digit of j?
3
Suppose -117918 = -5*j - 3*n, -4*j + 1314*n - 1312*n + 94330 = 0. What is the thousands digit of j?
3
Suppose -5*v = 0, -3*v + 11860 = 9*c - 4*c. What is the thousands digit of c?
2
Let c(z) = -2*z - 28. Let h be c(-16). Suppose h*p - 5515 = 5*s + 3*p, 3337 = -3*s - 5*p. What is the units digit of (-2)/(-6) - (3 - s/(-9))?
0
Let x(s) = 182*s - 2. Suppose -2*z + 45 = 3*z. Let n be 3*((-12)/z)/(-4). What is the tens digit of x(n)?
8
Suppose -2*h - 6082 - 16314 = -4*p, 5*h + 61592 = 11*p. What is the hundreds digit of p?
6
Suppose -2*y - 2*y = 20. Let l(i) = -i**3 - 5*i**2 + i - 3. Let j be l(y). What is the units digit of (2*(-45)/8)/(j/64)?
0
Let c be (1/2)/1*(14061 - -17). Suppose 10*k - c = 491. What is the tens digit of k?
5
Suppose -4*o + 5*i - 17 = 0, -4*o = 6*i - 2*i - 28. What is the tens digit of 124/(0 + o + 0/(-17))?
6
Let i(f) = 0*f + 6 - 11*f**2 + 4*f**2 - f**3 - 1 - 12*f. Let t be i(-5). Suppose 0 = 3*j - 87 + t. What is the units digit of j?
4
Let u = -7668 + 10020. What is the units digit of u?
2
Let f(v) be the third derivative of -9*v**6 - v**5/60 + v**4/24 + v**3/2 - 119*v**2. What is the hundreds digit of f(-1)?
0
Suppose -10*j + 273405 = -118635. What is the tens digit of j?
0
Let s = 70436 - 40990. What is the units digit of s?
6
Suppose -22*w = -13*w - 198. Let a be (1 - w/4)*-2. Let x(k) = -k**3 + 10*k**2 - 6*k + 4. What is the units digit of x(a)?
1
Let k = 27170 + -7801. What is the ten thousands digit of k?
1
Let n(b) = -b**3 - 27*b**2 - 11*b + 92. Suppose -3*k + 5*k + 54 = 0. What is the tens digit of n(k)?
8
Suppose -126 = -3*o + 882. Let y = o - 213. What is the tens digit of y?
2
Let c be ((-7)/(-4))/(4/16). Let j(k) = 8*k**2 - 27*k + 157. Let q be j(13). Suppose -v = -c*v + q. What is the units digit of v?
3
Let c be -1 + 1 + -3 - (-27 - 50). Let i(j) = -j**3 - 4*j**2 - 6*j - 10. Let r be i(-7). Let m = r - c. What is the units digit of m?
5
Let k(w) = w**3 - 11*w**2 + 6*w - 23. Let y be k(11). Let d(u) = 21 - 119*u - y + 7. What is the units digit of d(-2)?
3
Let z(t) = -2*t**3 + 123*t**2 + 741*t - 100. What is the hundreds digit of z(65)?
4
What is the units digit of (4 + -9)/(400/(-3794480))?
1
Suppose 3*g + 47 = 53. Suppose g*b - 2*i = 7*b - 4787, 2*b + 2*i = 1916. What is the hundreds digit of b?
9
Let d(i) = -2*i**3 - 2*i**2 - 4*i - 14. Let z be d(-4). Let t = 60 + z. What is the units digit of t?
8
Suppose -3*q + y = -47927, 4*q + 3*y - 72365 + 8445 = 0. What is the thousands digit of q?
5
Suppose 3*o + 2*t - 19066 = 0, -o = -2*o - 3*t + 6367. Suppose 13*h - 19079 = -o. What is the units digit of h?
9
Let h be 5*(-1 + 9/5). Let b be -6*h/(-3 - 5). Suppose -4*v = 8, -b*x + 3*v - 6*v = -462. What is the tens digit of x?
5
What is the hundreds digit of 9/(-24) - (7 + 119805/(-120))?
9
Let x(b) = -b + 19. Let j be x(15). Suppose -2*w - 3*p + 195 = 0, j*p - 27 + 7 = 0. Let m = w - 3. What is the tens digit of m?
8
Let f be (-16)/(-24) - (-35)/15. What is the units digit of (20496/(-9))/(-7) + (-1)/f?
5
Let m be 3/2*-2*1. What is the tens digit of (-8)/10*(m + (-10792)/16)?
4
Let l(u) be the third derivative of u**5/60 - u**4 + 19*u**3 + 5*u**2 - 6*u. What is the units digit of l(29)?
9
Let c(q) = q**2 - 12*q + 50. Let g be c(12). What is the units digit of ((-584)/40 - 10)/((-2)/g)?
5
Let t(q) = -4*q - 3. Let s(l) = 6*l**2 - 1. Let a be s(1). Let z = -13 + a. What is the units digit of t(z)?
9
Let c(s) = -4*s**3 - 9*s**2 - 20*s - 8. Let p = -153 + 149. What is the hundreds digit of c(p)?
1
Let q(f) = -24*f - 81. Let x(m) = -2*m**3 - 7*m**2 + 12*m - 3. Let n be x(2). What is the tens digit of q(n)?
7
What is the tens digit of (-3)/(135/(-292625)) + (-24)/(-108)?
0
Let i(x) = 240*x + 398. Let d(m) = -120*m - 200. Let c(g) = 5*d(g) + 3*i(g). What is the units digit of c(6)?
4
Let r = 100770 - 71257. What is the ten thousands digit of r?
2
Let c = -45 + 41. Let g be (15/c)/(-5) + 15535/(-52). Let r = 554 + g. What is the tens digit of r?
5
Let f(j) = j**3 - 27*j**2 - 2*j - 19. Suppose -6*i + 11*i = 2*g + 134, -25 = -i + g. What is the units digit of f(i)?
9
Let o(n) = n**3 + n**2 - 5*n - 10. Let x be o(2). Let j(h) = 10 - 3 + 10 + 5*h**2 + 18*h - 1. What is the tens digit of j(x)?
9
Let t(c) = c**3 + 9*c**2 + 9*c + 4. Let b be t(-6). Let v = b - -459. Suppose -5*i + v = -33. What is the tens digit of i?
1
Let m = -97 + 101. Suppose m*d - 830 + 262 = 0. What is the units digit of d?
2
Let v(l) = 32*l - 93. Let y be v(9). Suppose -3*p = 2*h - 123, y = 3*h - p + 2*p. What is the tens digit of h?
6
Let r = -4451 + 6281. What is the units digit of 135/(-315) - r/(-7)?
1
Suppose 3*a - 26025 = -3*o, 61*o - 5*a = 60*o + 8705. What is the units digit of o?
0
Suppose -9 = h + 2*u + 22, 0 = -3*u - 15. Let k be (-346)/(-10) - 6/(-15). What is the tens digit of (-5)/k - 2397/h?
1
Let o(u) = u. Let q(a) = -24*a + 8. Let r(c) = 2*o(c) + q(c). Let v be r(4). What is the units digit of ((-5)/2 + 1)*v?
0
Let t = -174 - -190. Suppose 0 = -t*a + 40*a - 15072. What is the hundreds digit of a?
6
Let c be (-4)/6*387/(-86). Suppose 0 = -c*a + 565 + 1655. What is the hundreds digit of a?
7
Let h(b) = -b**3 - 17*b**2 + 59*b - 25. Let t be h(-20). What is the hundreds digit of 1 - t/(30/6114)?
0
Let f(l) = 8*l**2 + l - 13. Let i be f(8). Let v = i - 422. What is the tens digit of v?
8
Let w = -152 - -217. Suppose -12 = a + 2*t - 31, -5*t - w = -2*a. What is the tens digit of a?
2
Suppose -12702 = -896*r + 893*r. Suppose -5*n - r = -3*m, 5*m - 3*n - 7062 = -0*m. What is the units digit of m?
3
Suppose -2088 = -n - 5*n. Suppose 0 = -q + 3*r + 155, n + 293 = 4*q - 5*r. Suppose 